{"id":467430,"date":"2025-01-23T16:39:20","date_gmt":"2025-01-23T15:39:20","guid":{"rendered":"https:\/\/blasergraenicher.ch\/immobilien\/1538179en-wohnen-am-etzelweg-in-zrich-wollishofen\/"},"modified":"2026-05-02T07:17:18","modified_gmt":"2026-05-02T05:17:18","slug":"1538179en-wohnen-am-etzelweg-in-zrich-wollishofen","status":"publish","type":"casawp_property","link":"https:\/\/blasergraenicher.ch\/en\/immobilien\/1538179en-wohnen-am-etzelweg-in-zrich-wollishofen\/","title":{"rendered":"WOHNEN AM ETZELWEG IN Z\u00dcRICH WOLLISHOFEN"},"content":{"rendered":"<h2>Begeisternde Mietwohnungen an perfekter Lage.<\/h2>\n<p>Am Etzelweg 65, mitten im sympathisch durchmischten Stadtquartier Wollishofen, entstand ein aussergew\u00f6hnliches Bauprojekt von Mietwohnungen mit rundum besten Aussichten. Herrliche Blicke \u00fcber die Stadt und den See ab den oberen Etagen und eine ruhige und gr\u00fcne Lage am Ende einer kleinen Sackgasse. Die 2\u00bd- und 3\u00bd-Zimmer Wohnungen mit grossen Balkonen bieten modernen Komfort und sind so angeordnet, dass sie ein Maximum an Privatsph\u00e4re geniessen. Die Nachfrage war erwartungsgem\u00e4ss gross und die Wohnungen konnten alle innert kurzer Zeit vermietet werden.<\/p>\n","protected":false},"excerpt":{"rendered":"<p>Begeisternde Mietwohnungen an perfekter Lage. Am Etzelweg 65, mitten im sympathisch durchmischten Stadtquartier Wollishofen, entstand ein aussergew\u00f6hnliches Bauprojekt von Mietwohnungen mit rundum besten Aussichten. Herrliche Blicke \u00fcber die Stadt und den See ab den oberen Etagen und eine ruhige und gr\u00fcne Lage am Ende einer kleinen Sackgasse. Die 2\u00bd- und 3\u00bd-Zimmer Wohnungen mit grossen Balkonen [&hellip;]<\/p>\n","protected":false},"author":1,"featured_media":467431,"parent":0,"menu_order":26,"comment_status":"closed","ping_status":"closed","template":"","meta":{"_acf_changed":false,"footnotes":""},"casawp_category":[19],"casawp_feature":[10,21,31,100,104,11,23],"casawp_utility":[13],"casawp_location":[16,61,152],"casawp_salestype":[26],"casawp_availability":[53],"casawp_region":[],"class_list":["post-467430","casawp_property","type-casawp_property","status-publish","has-post-thumbnail","hentry","casawp_category-apartment","casawp_feature-has-balcony","casawp_feature-has-elevator","casawp_feature-has-garage","casawp_feature-has-lake-view","casawp_feature-has-mountain-view","casawp_feature-has-washing-machine","casawp_feature-is-wheelchair-accessible","casawp_utility-residential","casawp_location-country_ch","casawp_location-region_zh","casawp_location-locality_zuerich","casawp_salestype-rent","casawp_availability-reference"],"acf":[],"yoast_head":"<!-- This site is optimized with the Yoast SEO plugin v27.5 - https:\/\/yoast.com\/product\/yoast-seo-wordpress\/ -->\n<title>WOHNEN AM ETZELWEG IN Z\u00dcRICH WOLLISHOFEN - Blaser Gr\u00e4nicher<\/title>\n<meta name=\"robots\" content=\"index, follow, max-snippet:-1, max-image-preview:large, max-video-preview:-1\" \/>\n<link rel=\"canonical\" href=\"https:\/\/blasergraenicher.ch\/immobilien\/1538179de-wohnen-am-etzelweg-in-zrich-wollishofen\/\" \/>\n<meta property=\"og:locale\" content=\"en_US\" \/>\n<meta property=\"og:type\" content=\"article\" \/>\n<meta property=\"og:title\" content=\"WOHNEN AM ETZELWEG IN Z\u00dcRICH WOLLISHOFEN - Blaser Gr\u00e4nicher\" \/>\n<meta property=\"og:description\" content=\"Begeisternde Mietwohnungen an perfekter Lage. Am Etzelweg 65, mitten im sympathisch durchmischten Stadtquartier Wollishofen, entstand ein aussergew\u00f6hnliches Bauprojekt von Mietwohnungen mit rundum besten Aussichten. Herrliche Blicke \u00fcber die Stadt und den See ab den oberen Etagen und eine ruhige und gr\u00fcne Lage am Ende einer kleinen Sackgasse. Die 2\u00bd- und 3\u00bd-Zimmer Wohnungen mit grossen Balkonen [&hellip;]\" \/>\n<meta property=\"og:url\" content=\"https:\/\/blasergraenicher.ch\/immobilien\/1538179de-wohnen-am-etzelweg-in-zrich-wollishofen\/\" \/>\n<meta property=\"og:site_name\" content=\"Blaser Gr\u00e4nicher\" \/>\n<meta property=\"article:modified_time\" content=\"2026-05-02T05:17:18+00:00\" \/>\n<meta name=\"twitter:card\" content=\"summary_large_image\" \/>\n<script type=\"application\/ld+json\" class=\"yoast-schema-graph\">{\"@context\":\"https:\\\/\\\/schema.org\",\"@graph\":[{\"@type\":\"WebPage\",\"@id\":\"https:\\\/\\\/blasergraenicher.ch\\\/immobilien\\\/1538179de-wohnen-am-etzelweg-in-zrich-wollishofen\\\/\",\"url\":\"https:\\\/\\\/blasergraenicher.ch\\\/immobilien\\\/1538179de-wohnen-am-etzelweg-in-zrich-wollishofen\\\/\",\"name\":\"WOHNEN AM ETZELWEG IN Z\u00dcRICH WOLLISHOFEN - Blaser Gr\u00e4nicher\",\"isPartOf\":{\"@id\":\"https:\\\/\\\/blasergraenicher.ch\\\/#website\"},\"primaryImageOfPage\":{\"@id\":\"https:\\\/\\\/blasergraenicher.ch\\\/immobilien\\\/1538179de-wohnen-am-etzelweg-in-zrich-wollishofen\\\/#primaryimage\"},\"image\":{\"@id\":\"https:\\\/\\\/blasergraenicher.ch\\\/immobilien\\\/1538179de-wohnen-am-etzelweg-in-zrich-wollishofen\\\/#primaryimage\"},\"thumbnailUrl\":\"https:\\\/\\\/cdn.casasoft.com\\\/media\\\/provider-9881\\\/property-1538179\\\/dc62ae2bb9f25c95da8acd272fb93499.jpeg?p=xl\",\"datePublished\":\"2025-01-23T15:39:20+00:00\",\"dateModified\":\"2026-05-02T05:17:18+00:00\",\"breadcrumb\":{\"@id\":\"https:\\\/\\\/blasergraenicher.ch\\\/immobilien\\\/1538179de-wohnen-am-etzelweg-in-zrich-wollishofen\\\/#breadcrumb\"},\"inLanguage\":\"en-US\",\"potentialAction\":[{\"@type\":\"ReadAction\",\"target\":[\"https:\\\/\\\/blasergraenicher.ch\\\/immobilien\\\/1538179de-wohnen-am-etzelweg-in-zrich-wollishofen\\\/\"]}]},{\"@type\":\"ImageObject\",\"inLanguage\":\"en-US\",\"@id\":\"https:\\\/\\\/blasergraenicher.ch\\\/immobilien\\\/1538179de-wohnen-am-etzelweg-in-zrich-wollishofen\\\/#primaryimage\",\"url\":\"https:\\\/\\\/cdn.casasoft.com\\\/media\\\/provider-9881\\\/property-1538179\\\/dc62ae2bb9f25c95da8acd272fb93499.jpeg?p=xl\",\"contentUrl\":\"https:\\\/\\\/cdn.casasoft.com\\\/media\\\/provider-9881\\\/property-1538179\\\/dc62ae2bb9f25c95da8acd272fb93499.jpeg?p=xl\"},{\"@type\":\"BreadcrumbList\",\"@id\":\"https:\\\/\\\/blasergraenicher.ch\\\/immobilien\\\/1538179de-wohnen-am-etzelweg-in-zrich-wollishofen\\\/#breadcrumb\",\"itemListElement\":[{\"@type\":\"ListItem\",\"position\":1,\"name\":\"Home\",\"item\":\"https:\\\/\\\/blasergraenicher.ch\\\/en\\\/\"},{\"@type\":\"ListItem\",\"position\":2,\"name\":\"Immobilien\",\"item\":\"https:\\\/\\\/blasergraenicher.ch\\\/immobilien\\\/\"},{\"@type\":\"ListItem\",\"position\":3,\"name\":\"WOHNEN AM ETZELWEG IN Z\u00dcRICH WOLLISHOFEN\"}]},{\"@type\":\"WebSite\",\"@id\":\"https:\\\/\\\/blasergraenicher.ch\\\/#website\",\"url\":\"https:\\\/\\\/blasergraenicher.ch\\\/\",\"name\":\"Blaser Gr\u00e4nicher\",\"description\":\"\",\"potentialAction\":[{\"@type\":\"SearchAction\",\"target\":{\"@type\":\"EntryPoint\",\"urlTemplate\":\"https:\\\/\\\/blasergraenicher.ch\\\/?s={search_term_string}\"},\"query-input\":{\"@type\":\"PropertyValueSpecification\",\"valueRequired\":true,\"valueName\":\"search_term_string\"}}],\"inLanguage\":\"en-US\"}]}<\/script>\n<!-- \/ Yoast SEO plugin. -->","yoast_head_json":{"title":"WOHNEN AM ETZELWEG IN Z\u00dcRICH WOLLISHOFEN - Blaser Gr\u00e4nicher","robots":{"index":"index","follow":"follow","max-snippet":"max-snippet:-1","max-image-preview":"max-image-preview:large","max-video-preview":"max-video-preview:-1"},"canonical":"https:\/\/blasergraenicher.ch\/immobilien\/1538179de-wohnen-am-etzelweg-in-zrich-wollishofen\/","og_locale":"en_US","og_type":"article","og_title":"WOHNEN AM ETZELWEG IN Z\u00dcRICH WOLLISHOFEN - Blaser Gr\u00e4nicher","og_description":"Begeisternde Mietwohnungen an perfekter Lage. Am Etzelweg 65, mitten im sympathisch durchmischten Stadtquartier Wollishofen, entstand ein aussergew\u00f6hnliches Bauprojekt von Mietwohnungen mit rundum besten Aussichten. Herrliche Blicke \u00fcber die Stadt und den See ab den oberen Etagen und eine ruhige und gr\u00fcne Lage am Ende einer kleinen Sackgasse. Die 2\u00bd- und 3\u00bd-Zimmer Wohnungen mit grossen Balkonen [&hellip;]","og_url":"https:\/\/blasergraenicher.ch\/immobilien\/1538179de-wohnen-am-etzelweg-in-zrich-wollishofen\/","og_site_name":"Blaser Gr\u00e4nicher","article_modified_time":"2026-05-02T05:17:18+00:00","twitter_card":"summary_large_image","schema":{"@context":"https:\/\/schema.org","@graph":[{"@type":"WebPage","@id":"https:\/\/blasergraenicher.ch\/immobilien\/1538179de-wohnen-am-etzelweg-in-zrich-wollishofen\/","url":"https:\/\/blasergraenicher.ch\/immobilien\/1538179de-wohnen-am-etzelweg-in-zrich-wollishofen\/","name":"WOHNEN AM ETZELWEG IN Z\u00dcRICH WOLLISHOFEN - Blaser Gr\u00e4nicher","isPartOf":{"@id":"https:\/\/blasergraenicher.ch\/#website"},"primaryImageOfPage":{"@id":"https:\/\/blasergraenicher.ch\/immobilien\/1538179de-wohnen-am-etzelweg-in-zrich-wollishofen\/#primaryimage"},"image":{"@id":"https:\/\/blasergraenicher.ch\/immobilien\/1538179de-wohnen-am-etzelweg-in-zrich-wollishofen\/#primaryimage"},"thumbnailUrl":"https:\/\/cdn.casasoft.com\/media\/provider-9881\/property-1538179\/dc62ae2bb9f25c95da8acd272fb93499.jpeg?p=xl","datePublished":"2025-01-23T15:39:20+00:00","dateModified":"2026-05-02T05:17:18+00:00","breadcrumb":{"@id":"https:\/\/blasergraenicher.ch\/immobilien\/1538179de-wohnen-am-etzelweg-in-zrich-wollishofen\/#breadcrumb"},"inLanguage":"en-US","potentialAction":[{"@type":"ReadAction","target":["https:\/\/blasergraenicher.ch\/immobilien\/1538179de-wohnen-am-etzelweg-in-zrich-wollishofen\/"]}]},{"@type":"ImageObject","inLanguage":"en-US","@id":"https:\/\/blasergraenicher.ch\/immobilien\/1538179de-wohnen-am-etzelweg-in-zrich-wollishofen\/#primaryimage","url":"https:\/\/cdn.casasoft.com\/media\/provider-9881\/property-1538179\/dc62ae2bb9f25c95da8acd272fb93499.jpeg?p=xl","contentUrl":"https:\/\/cdn.casasoft.com\/media\/provider-9881\/property-1538179\/dc62ae2bb9f25c95da8acd272fb93499.jpeg?p=xl"},{"@type":"BreadcrumbList","@id":"https:\/\/blasergraenicher.ch\/immobilien\/1538179de-wohnen-am-etzelweg-in-zrich-wollishofen\/#breadcrumb","itemListElement":[{"@type":"ListItem","position":1,"name":"Home","item":"https:\/\/blasergraenicher.ch\/en\/"},{"@type":"ListItem","position":2,"name":"Immobilien","item":"https:\/\/blasergraenicher.ch\/immobilien\/"},{"@type":"ListItem","position":3,"name":"WOHNEN AM ETZELWEG IN Z\u00dcRICH WOLLISHOFEN"}]},{"@type":"WebSite","@id":"https:\/\/blasergraenicher.ch\/#website","url":"https:\/\/blasergraenicher.ch\/","name":"Blaser Gr\u00e4nicher","description":"","potentialAction":[{"@type":"SearchAction","target":{"@type":"EntryPoint","urlTemplate":"https:\/\/blasergraenicher.ch\/?s={search_term_string}"},"query-input":{"@type":"PropertyValueSpecification","valueRequired":true,"valueName":"search_term_string"}}],"inLanguage":"en-US"}]}},"_links":{"self":[{"href":"https:\/\/blasergraenicher.ch\/en\/wp-json\/wp\/v2\/casawp_property\/467430","targetHints":{"allow":["GET"]}}],"collection":[{"href":"https:\/\/blasergraenicher.ch\/en\/wp-json\/wp\/v2\/casawp_property"}],"about":[{"href":"https:\/\/blasergraenicher.ch\/en\/wp-json\/wp\/v2\/types\/casawp_property"}],"author":[{"embeddable":true,"href":"https:\/\/blasergraenicher.ch\/en\/wp-json\/wp\/v2\/users\/1"}],"replies":[{"embeddable":true,"href":"https:\/\/blasergraenicher.ch\/en\/wp-json\/wp\/v2\/comments?post=467430"}],"version-history":[{"count":0,"href":"https:\/\/blasergraenicher.ch\/en\/wp-json\/wp\/v2\/casawp_property\/467430\/revisions"}],"wp:featuredmedia":[{"embeddable":true,"href":"https:\/\/blasergraenicher.ch\/en\/wp-json\/wp\/v2\/media\/467431"}],"wp:attachment":[{"href":"https:\/\/blasergraenicher.ch\/en\/wp-json\/wp\/v2\/media?parent=467430"}],"wp:term":[{"taxonomy":"casawp_category","embeddable":true,"href":"https:\/\/blasergraenicher.ch\/en\/wp-json\/wp\/v2\/casawp_category?post=467430"},{"taxonomy":"casawp_feature","embeddable":true,"href":"https:\/\/blasergraenicher.ch\/en\/wp-json\/wp\/v2\/casawp_feature?post=467430"},{"taxonomy":"casawp_utility","embeddable":true,"href":"https:\/\/blasergraenicher.ch\/en\/wp-json\/wp\/v2\/casawp_utility?post=467430"},{"taxonomy":"casawp_location","embeddable":true,"href":"https:\/\/blasergraenicher.ch\/en\/wp-json\/wp\/v2\/casawp_location?post=467430"},{"taxonomy":"casawp_salestype","embeddable":true,"href":"https:\/\/blasergraenicher.ch\/en\/wp-json\/wp\/v2\/casawp_salestype?post=467430"},{"taxonomy":"casawp_availability","embeddable":true,"href":"https:\/\/blasergraenicher.ch\/en\/wp-json\/wp\/v2\/casawp_availability?post=467430"},{"taxonomy":"casawp_region","embeddable":true,"href":"https:\/\/blasergraenicher.ch\/en\/wp-json\/wp\/v2\/casawp_region?post=467430"}],"curies":[{"name":"wp","href":"https:\/\/api.w.org\/{rel}","templated":true}]}}

WOHNEN AM ETZELWEG IN ZÜRICH WOLLISHOFEN

<h2>Begeisternde Mietwohnungen an perfekter Lage.</h2>
<p>Am Etzelweg 65, mitten im sympathisch durchmischten Stadtquartier Wollishofen, entstand ein aussergewöhnliches Bauprojekt von Mietwohnungen mit rundum besten Aussichten. Herrliche Blicke über die Stadt und den See ab den oberen Etagen und eine ruhige und grüne Lage am Ende einer kleinen Sackgasse. Die 2½- und 3½-Zimmer Wohnungen mit grossen Balkonen bieten modernen Komfort und sind so angeordnet, dass sie ein Maximum an Privatsphäre geniessen. Die Nachfrage war erwartungsgemäss gross und die Wohnungen konnten alle innert kurzer Zeit vermietet werden.</p>

<p>Begeisternde Mietwohnungen an perfekter Lage. Am Etzelweg 65, mitten im sympathisch durchmischten Stadtquartier Wollishofen, entstand ein aussergewöhnliches Bauprojekt von Mietwohnungen mit rundum besten Aussichten. Herrliche Blicke über die Stadt und den See ab den oberen Etagen und eine ruhige und grüne Lage am Ende einer kleinen Sackgasse. Die 2½- und 3½-Zimmer Wohnungen mit grossen Balkonen [&hellip;]</p>

<!-- This site is optimized with the Yoast SEO plugin v27.5 - https://yoast.com/product/yoast-seo-wordpress/ -->
<title>WOHNEN AM ETZELWEG IN ZÜRICH WOLLISHOFEN - Blaser Gränicher</title>
<meta name="robots" content="index, follow, max-snippet:-1, max-image-preview:large, max-video-preview:-1" />
<link rel="canonical" href="https://blasergraenicher.ch/immobilien/1538179de-wohnen-am-etzelweg-in-zrich-wollishofen/" />
<meta property="og:locale" content="en_US" />
<meta property="og:type" content="article" />
<meta property="og:title" content="WOHNEN AM ETZELWEG IN ZÜRICH WOLLISHOFEN - Blaser Gränicher" />
<meta property="og:description" content="Begeisternde Mietwohnungen an perfekter Lage. Am Etzelweg 65, mitten im sympathisch durchmischten Stadtquartier Wollishofen, entstand ein aussergewöhnliches Bauprojekt von Mietwohnungen mit rundum besten Aussichten. Herrliche Blicke über die Stadt und den See ab den oberen Etagen und eine ruhige und grüne Lage am Ende einer kleinen Sackgasse. Die 2½- und 3½-Zimmer Wohnungen mit grossen Balkonen [&hellip;]" />
<meta property="og:url" content="https://blasergraenicher.ch/immobilien/1538179de-wohnen-am-etzelweg-in-zrich-wollishofen/" />
<meta property="og:site_name" content="Blaser Gränicher" />
<meta property="article:modified_time" content="2026-05-02T05:17:18+00:00" />
<meta name="twitter:card" content="summary_large_image" />
<script type="application/ld+json" class="yoast-schema-graph">{"@context":"https:\/\/schema.org","@graph":[{"@type":"WebPage","@id":"https:\/\/blasergraenicher.ch\/immobilien\/1538179de-wohnen-am-etzelweg-in-zrich-wollishofen\/","url":"https:\/\/blasergraenicher.ch\/immobilien\/1538179de-wohnen-am-etzelweg-in-zrich-wollishofen\/","name":"WOHNEN AM ETZELWEG IN ZÜRICH WOLLISHOFEN - Blaser Gränicher","isPartOf":{"@id":"https:\/\/blasergraenicher.ch\/#website"},"primaryImageOfPage":{"@id":"https:\/\/blasergraenicher.ch\/immobilien\/1538179de-wohnen-am-etzelweg-in-zrich-wollishofen\/#primaryimage"},"image":{"@id":"https:\/\/blasergraenicher.ch\/immobilien\/1538179de-wohnen-am-etzelweg-in-zrich-wollishofen\/#primaryimage"},"thumbnailUrl":"https:\/\/cdn.casasoft.com\/media\/provider-9881\/property-1538179\/dc62ae2bb9f25c95da8acd272fb93499.jpeg?p=xl","datePublished":"2025-01-23T15:39:20+00:00","dateModified":"2026-05-02T05:17:18+00:00","breadcrumb":{"@id":"https:\/\/blasergraenicher.ch\/immobilien\/1538179de-wohnen-am-etzelweg-in-zrich-wollishofen\/#breadcrumb"},"inLanguage":"en-US","potentialAction":[{"@type":"ReadAction","target":["https:\/\/blasergraenicher.ch\/immobilien\/1538179de-wohnen-am-etzelweg-in-zrich-wollishofen\/"]}]},{"@type":"ImageObject","inLanguage":"en-US","@id":"https:\/\/blasergraenicher.ch\/immobilien\/1538179de-wohnen-am-etzelweg-in-zrich-wollishofen\/#primaryimage","url":"https:\/\/cdn.casasoft.com\/media\/provider-9881\/property-1538179\/dc62ae2bb9f25c95da8acd272fb93499.jpeg?p=xl","contentUrl":"https:\/\/cdn.casasoft.com\/media\/provider-9881\/property-1538179\/dc62ae2bb9f25c95da8acd272fb93499.jpeg?p=xl"},{"@type":"BreadcrumbList","@id":"https:\/\/blasergraenicher.ch\/immobilien\/1538179de-wohnen-am-etzelweg-in-zrich-wollishofen\/#breadcrumb","itemListElement":[{"@type":"ListItem","position":1,"name":"Home","item":"https:\/\/blasergraenicher.ch\/en\/"},{"@type":"ListItem","position":2,"name":"Immobilien","item":"https:\/\/blasergraenicher.ch\/immobilien\/"},{"@type":"ListItem","position":3,"name":"WOHNEN AM ETZELWEG IN ZÜRICH WOLLISHOFEN"}]},{"@type":"WebSite","@id":"https:\/\/blasergraenicher.ch\/#website","url":"https:\/\/blasergraenicher.ch\/","name":"Blaser Gränicher","description":"","potentialAction":[{"@type":"SearchAction","target":{"@type":"EntryPoint","urlTemplate":"https:\/\/blasergraenicher.ch\/?s={search_term_string}"},"query-input":{"@type":"PropertyValueSpecification","valueRequired":true,"valueName":"search_term_string"}}],"inLanguage":"en-US"}]}</script>
<!-- / Yoast SEO plugin. -->

WOHNEN AM ETZELWEG IN ZÜRICH WOLLISHOFEN - Blaser Gränicher

Begeisternde Mietwohnungen an perfekter Lage. Am Etzelweg 65, mitten im sympathisch durchmischten Stadtquartier Wollishofen, entstand ein aussergewöhnliches Bauprojekt von Mietwohnungen mit rundum besten Aussichten. Herrliche Blicke über die Stadt und den See ab den oberen Etagen und eine ruhige und grüne Lage am Ende einer kleinen Sackgasse. Die 2½- und 3½-Zimmer Wohnungen mit grossen Balkonen [&hellip;]

Blaser Gränicher
